{"id":99,"date":"2023-01-30T10:23:49","date_gmt":"2023-01-30T10:23:49","guid":{"rendered":"https:\/\/partnerschaftsverein-altenahr.de\/wordpress\/?page_id=99"},"modified":"2025-04-24T16:37:49","modified_gmt":"2025-04-24T16:37:49","slug":"tamogassa-legyen-tag","status":"publish","type":"page","link":"https:\/\/partnerschaftsverein-altenahr.de\/wordpress\/hu\/tamogassa-legyen-tag\/","title":{"rendered":"T\u00e1mogassa \/ legyen tag"},"content":{"rendered":"\n<p>Az egyes\u00fclethez val\u00f3 csatlakoz\u00e1shoz k\u00e9rj\u00fck t\u00f6ltse ki az al\u00e1bbi jelentkez\u00e9si lapot<\/p>\n\n\n\n<figure class=\"wp-block-image size-large\"><a href=\"https:\/\/partnerschaftsverein--altenahr-de.translate.goog\/wordpress\/wp-content\/uploads\/2023\/01\/Mitglied-Beitritserklaerung.pdf?_x_tr_sl=de&amp;_x_tr_tl=hu&amp;_x_tr_hl=de&amp;_x_tr_pto=wapp\"><img decoding=\"async\" src=\"https:\/\/partnerschaftsverein--altenahr-de.translate.goog\/wordpress\/wp-content\/uploads\/2023\/01\/Beitrittserklaerung-725x1024.png?_x_tr_sl=de&amp;_x_tr_tl=hu&amp;_x_tr_hl=de&amp;_x_tr_pto=wapp\" alt=\"\"\/><\/a><\/figure>\n\n\n\n<p>Alternat\u00edv megold\u00e1sk\u00e9nt anyagilag is t\u00e1mogathat minket. \u00cdme banki adataink:<\/p>\n\n\n\n<p>Volksbank Rhein Ahr Eifel eG<br>DE37 5776 1591 0543 1520 00<\/p>\n\n\n\n<p><em>Term\u00e9szetesen adom\u00e1nyoz\u00e1si elismerv\u00e9nyt is ki\u00e1ll\u00edtunk (c\u00edm\u00e9t a rendeltet\u00e9si helyen kell megadni).<\/em><\/p>\n\n\n\n<hr class=\"wp-block-separator has-alpha-channel-opacity\"\/>\n\n\n\n<p>Az \u00e9ves terhel\u00e9sekre \u00e1prilis k\u00f6zep\u00e9n ker\u00fcl sor. Ha banki adatai megv\u00e1ltoznak, k\u00e9rj\u00fck, halad\u00e9ktalanul jelezze fel\u00e9nk. Ebben az esetben <a href=\"https:\/\/partnerschaftsverein-altenahr.de\/wordpress\/wp-content\/uploads\/2025\/04\/Mitglied-Lastschrift.pdf\" data-type=\"link\" data-id=\"https:\/\/partnerschaftsverein-altenahr.de\/wordpress\/wp-content\/uploads\/2025\/04\/Mitglied-Lastschrift.pdf\" target=\"_blank\" rel=\"noreferrer noopener\">friss\u00edtett csoportos beszed\u00e9si megb\u00edz\u00e1st<\/a> k\u00e9r\u00fcnk (postai \u00faton az eln\u00f6knek, vagy e-mailben a kasse@partnerschaftsverein-altenahr.de c\u00edmre).<\/p>\n","protected":false},"excerpt":{"rendered":"<p>Az egyes\u00fclethez val\u00f3 csatlakoz\u00e1shoz k\u00e9rj\u00fck t\u00f6ltse ki az al\u00e1bbi jelentkez\u00e9si lapot Alternat\u00edv megold\u00e1sk\u00e9nt anyagilag is t\u00e1mogathat minket. \u00cdme banki adataink: Volksbank Rhein Ahr Eifel eGDE37 5776 1591 0543 1520 00 Term\u00e9szetesen adom\u00e1nyoz\u00e1si elismerv\u00e9nyt is ki\u00e1ll\u00edtunk (c\u00edm\u00e9t a rendeltet\u00e9si helyen kell megadni). Az \u00e9ves terhel\u00e9sekre \u00e1prilis k\u00f6zep\u00e9n ker\u00fcl sor. Ha banki adatai megv\u00e1ltoznak, k\u00e9rj\u00fck, halad\u00e9ktalanul jelezze [&hellip;]<\/p>\n","protected":false},"author":1,"featured_media":0,"parent":0,"menu_order":0,"comment_status":"closed","ping_status":"open","template":"","meta":{"footnotes":""},"class_list":["post-99","page","type-page","status-publish","hentry","post-preview"],"_links":{"self":[{"href":"https:\/\/partnerschaftsverein-altenahr.de\/wordpress\/wp-json\/wp\/v2\/pages\/99","targetHints":{"allow":["GET"]}}],"collection":[{"href":"https:\/\/partnerschaftsverein-altenahr.de\/wordpress\/wp-json\/wp\/v2\/pages"}],"about":[{"href":"https:\/\/partnerschaftsverein-altenahr.de\/wordpress\/wp-json\/wp\/v2\/types\/page"}],"author":[{"embeddable":true,"href":"https:\/\/partnerschaftsverein-altenahr.de\/wordpress\/wp-json\/wp\/v2\/users\/1"}],"replies":[{"embeddable":true,"href":"https:\/\/partnerschaftsverein-altenahr.de\/wordpress\/wp-json\/wp\/v2\/comments?post=99"}],"version-history":[{"count":3,"href":"https:\/\/partnerschaftsverein-altenahr.de\/wordpress\/wp-json\/wp\/v2\/pages\/99\/revisions"}],"predecessor-version":[{"id":202,"href":"https:\/\/partnerschaftsverein-altenahr.de\/wordpress\/wp-json\/wp\/v2\/pages\/99\/revisions\/202"}],"wp:attachment":[{"href":"https:\/\/partnerschaftsverein-altenahr.de\/wordpress\/wp-json\/wp\/v2\/media?parent=99"}],"curies":[{"name":"wp","href":"https:\/\/api.w.org\/{rel}","templated":true}]}}