{"id":39,"date":"2023-01-28T08:21:32","date_gmt":"2023-01-28T08:21:32","guid":{"rendered":"https:\/\/partnerschaftsverein-altenahr.de\/wordpress\/?page_id=39"},"modified":"2026-04-28T06:50:09","modified_gmt":"2026-04-28T06:50:09","slug":"partnerschaft","status":"publish","type":"page","link":"https:\/\/partnerschaftsverein-altenahr.de\/wordpress\/","title":{"rendered":"Partnerschaftsverein M\u00e1rt\u00e9ly &#8211; Verbandsgemeinde Altenahr e.V."},"content":{"rendered":"\n<p>Wir sind ein gemeinn\u00fctziger Verein zur Pflege der deutsch-ungarischen Freundschaft. Im Mittelpunkt steht die Partnerschaft zwischen der <a rel=\"noreferrer noopener\" href=\"https:\/\/www.altenahr.de\" target=\"_blank\">Verbandsgemeinde Altenahr<\/a> und der <a rel=\"noreferrer noopener\" href=\"https:\/\/martely.dinamicon2.hu\/\" target=\"_blank\">Gemeinde M\u00e1rt\u00e9ly<\/a><\/p>\n\n\n\n<h2 class=\"wp-block-heading\">Aktuelles<\/h2>\n\n\n\n<h3 class=\"wp-block-heading\">Wir haben einen neuen Vorstand<\/h3>\n\n\n\n<figure class=\"wp-block-image size-full\"><img loading=\"lazy\" decoding=\"async\" width=\"1024\" height=\"701\" src=\"https:\/\/partnerschaftsverein-altenahr.de\/wordpress\/wp-content\/uploads\/2026\/04\/Parrtnerschaftsverein-Mitgliederversammlung-2026.jpg\" alt=\"\" class=\"wp-image-239\" srcset=\"https:\/\/partnerschaftsverein-altenahr.de\/wordpress\/wp-content\/uploads\/2026\/04\/Parrtnerschaftsverein-Mitgliederversammlung-2026.jpg 1024w, https:\/\/partnerschaftsverein-altenahr.de\/wordpress\/wp-content\/uploads\/2026\/04\/Parrtnerschaftsverein-Mitgliederversammlung-2026-300x205.jpg 300w, https:\/\/partnerschaftsverein-altenahr.de\/wordpress\/wp-content\/uploads\/2026\/04\/Parrtnerschaftsverein-Mitgliederversammlung-2026-768x526.jpg 768w, https:\/\/partnerschaftsverein-altenahr.de\/wordpress\/wp-content\/uploads\/2026\/04\/Parrtnerschaftsverein-Mitgliederversammlung-2026-676x463.jpg 676w\" sizes=\"auto, (max-width: 1024px) 100vw, 1024px\" \/><\/figure>\n\n\n\n<p>In der Mitgliederversammlung am 23. April 2026 hat der Verein die Weichen f\u00fcr die kommenden Jahre gestellt.\u00a0So wurde nicht nur turnusm\u00e4\u00dfig ein neuer Vorstand gew\u00e4hlt, sondern auch der Kurs f\u00fcr die kommenden Jahre abgesteckt. Neben den Planungen f\u00fcr die Jugendbegegnung\u00a0in den Sommerferien 2026 stand bereits ein besonderes Datum im Fokus: 2027 feiert die Partnerschaft ihr 30-j\u00e4hriges Bestehen.<\/p>\n\n\n\n<p>Der bisherige Vorsitzende Stefan Reitler er\u00f6ffnete die Sitzung und gab einen \u00dcberblick \u00fcber die aktuellen Projekte. Kassierer Michael Reitler berichtete von einer stabilen Finanzlage, w\u00e4hrend der Kassenpr\u00fcfer eine einwandfreie Buchf\u00fchrung best\u00e4tigte. Der Vorstand wurde daraufhin einstimmig entlastet.<\/p>\n\n\n\n<p>Unter der Leitung von B\u00fcrgermeister Dominik Gieler, kam es bei anschlie\u00dfenden Neuwahlen&nbsp;zu personellen Ver\u00e4nderungen:&nbsp; Melanie Effert wurde einstimmig zur neuen Vorsitzenden gew\u00e4hlt, Zsuzanna Nagy \u00fcbernimmt das Amt der stellvertretenden Vorsitzenden. Michael Reitler bleibt Kassierer, das Amt des Schriftf\u00fchrers \u00fcbernimmt k\u00fcnftig Stefan Reitler. Auch die weiteren Vorstandsmitglieder sowie der Kassenpr\u00fcfer wurden geschlossen gew\u00e4hlt.<\/p>\n\n\n\n<p>Zum Abschluss dankte der Vorstand den ausscheidenden Mitgliedern f\u00fcr ihr Engagement.&nbsp;Besonderer Dank gilt Andrea Haag, die \u00fcber 25 Jahre Mitglied des Vorstandes, davon 12 Jahre als Vorsitzende, war. Die neue Vorsitzende zeigte sich optimistisch: \u201eAlles m\u00f6ge so weiter gehen und wir freuen uns auf weitere Ungarnbegegnungen. Ebenso blicken wir gespannt auf das Jubil\u00e4umsjahr 2027.\u201c Mit diesen Worten endete die Versammlung, die den Verein gut aufgestellt in die Zukunft gehen l\u00e4sst.<\/p>\n\n\n\n<h3 class=\"wp-block-heading\">Jugendbegegnung 2026<\/h3>\n\n\n<div class=\"wp-block-image\">\n<figure class=\"aligncenter size-full\"><a href=\"https:\/\/www.unser-ferienprogramm.de\/altenahr\/veranstaltung.php?id=300425\"><img loading=\"lazy\" decoding=\"async\" width=\"800\" height=\"958\" src=\"https:\/\/partnerschaftsverein-altenahr.de\/wordpress\/wp-content\/uploads\/2026\/02\/begegnung-2026-flyer.png\" alt=\"Jugendliche aus der Verbandsgemeinde Altenahr besuchen unsere\nPartnergemeinde M\u00e1rt\u00e9ly in Ungarn. Gemeinsam mit ungarischen\nJugendlichen erwarten sie spannende Aktivit\u00e4ten, Ausfl\u00fcge und\nausreichend Freizeit. Begleitet von einem erfahrenen Betreuungsteam\nlernen sie das Leben in den Familien, die Kultur sowie die\nbeeindruckende Natur rund um den \u201eToten Arm der Thei\u00df\u201c kennen.\" class=\"wp-image-215\" srcset=\"https:\/\/partnerschaftsverein-altenahr.de\/wordpress\/wp-content\/uploads\/2026\/02\/begegnung-2026-flyer.png 800w, https:\/\/partnerschaftsverein-altenahr.de\/wordpress\/wp-content\/uploads\/2026\/02\/begegnung-2026-flyer-251x300.png 251w, https:\/\/partnerschaftsverein-altenahr.de\/wordpress\/wp-content\/uploads\/2026\/02\/begegnung-2026-flyer-768x920.png 768w, https:\/\/partnerschaftsverein-altenahr.de\/wordpress\/wp-content\/uploads\/2026\/02\/begegnung-2026-flyer-676x810.png 676w\" sizes=\"auto, (max-width: 800px) 100vw, 800px\" \/><\/a><\/figure>\n<\/div>\n\n\n<p><a href=\"https:\/\/www.unser-ferienprogramm.de\/altenahr\/veranstaltung.php?id=300425\">Hier geht&#8217;s zur Anmeldung<\/a>, wir freuen uns auf euch!<\/p>\n\n\n\n<h3 class=\"wp-block-heading\">Winter in M\u00e1rt\u00e9ly<\/h3>\n\n\n\n<figure class=\"wp-block-image size-large\"><img loading=\"lazy\" decoding=\"async\" width=\"1024\" height=\"768\" src=\"https:\/\/partnerschaftsverein-altenahr.de\/wordpress\/wp-content\/uploads\/2026\/02\/signal-2026-01-10-201521_002-1024x768.jpeg\" alt=\"\" class=\"wp-image-218\" srcset=\"https:\/\/partnerschaftsverein-altenahr.de\/wordpress\/wp-content\/uploads\/2026\/02\/signal-2026-01-10-201521_002-1024x768.jpeg 1024w, https:\/\/partnerschaftsverein-altenahr.de\/wordpress\/wp-content\/uploads\/2026\/02\/signal-2026-01-10-201521_002-300x225.jpeg 300w, https:\/\/partnerschaftsverein-altenahr.de\/wordpress\/wp-content\/uploads\/2026\/02\/signal-2026-01-10-201521_002-768x576.jpeg 768w, https:\/\/partnerschaftsverein-altenahr.de\/wordpress\/wp-content\/uploads\/2026\/02\/signal-2026-01-10-201521_002-1536x1152.jpeg 1536w, https:\/\/partnerschaftsverein-altenahr.de\/wordpress\/wp-content\/uploads\/2026\/02\/signal-2026-01-10-201521_002-676x507.jpeg 676w, https:\/\/partnerschaftsverein-altenahr.de\/wordpress\/wp-content\/uploads\/2026\/02\/signal-2026-01-10-201521_002.jpeg 1600w\" sizes=\"auto, (max-width: 1024px) 100vw, 1024px\" \/><figcaption class=\"wp-element-caption\">Die G\u00e4ste aus Altenahr, kennen M\u00e1rt\u00e9ly meistens mit sehr sommerlichen Temperaturen. Ein Schnappschuss der Boote an der Thei\u00df gibt es auf jeder Begegnung. Hier mal gleiche Szene im Winter \u2665\ufe0f<\/figcaption><\/figure>\n\n\n\n<h3 class=\"wp-block-heading\" id=\"archiv-aufruf\">Fast 30 Jahre Partnerschaft &#8211; unz\u00e4hlige Erinnerungen<\/h3>\n\n\n\n<p>Wir rufen alle Aktiven und Ehemaligen auf uns Fotos, Videos und Erlebnisse aus inzwischen fast 30 Jahren gelebter Partnerschaft zu schicken. Damit nehmen wir das bevorstehende Jubil\u00e4um als Anlass, zur\u00fcckzublicken und Erinnerungen als Archiv zusammenzutragen.<\/p>\n\n\n\n<p>Um Einsendungen gut organisieren zu k\u00f6nnen, bitten wir euch um folgendes:<\/p>\n\n\n\n<ol class=\"wp-block-list\">\n<li>Sammelt Fotos, Videos, Erinnerungen usw.<\/li>\n\n\n\n<li>Erg\u00e4nzt die Sammlung um Orts- und Datumsangaben, sowie pers\u00f6nliche Geschichten<\/li>\n\n\n\n<li>Nutzt unsere <a href=\"https:\/\/cloud.partnerschaftsverein-altenahr.de\/index.php\/s\/TFoyX8NZDmEQPkz\" target=\"_blank\" rel=\"noreferrer noopener\">Upload-Funktion<\/a> (vom Computer oder Smartphone)<\/li>\n\n\n\n<li>Falls ihr Fragen habt, oder uns auf anderem Wege Erinnerungen schicken m\u00f6chtet, nehmt bitte Kontakt zu uns auf: <a href=\"mailto:archiv@partnerschaftsverein-altenahr.de\">archiv@partnerschaftsverein-altenahr.de<\/a><\/li>\n<\/ol>\n\n\n\n<h2 class=\"wp-block-heading\">Beitr\u00e4ge<\/h2>\n\n\n<ul class=\"wp-block-latest-posts__list wp-block-latest-posts\"><li><a class=\"wp-block-latest-posts__post-title\" href=\"https:\/\/partnerschaftsverein-altenahr.de\/wordpress\/partnerschaftstreffen\/jugendbegegnung-2025-in-altenahr\/\">Jugendbegegnung 2025 in Altenahr<\/a><\/li>\n<li><a class=\"wp-block-latest-posts__post-title\" href=\"https:\/\/partnerschaftsverein-altenahr.de\/wordpress\/schuelerbegegnung\/schuelerbegegnung-august-2024\/\">Sch\u00fclerbegegnung August 2024<\/a><\/li>\n<li><a class=\"wp-block-latest-posts__post-title\" href=\"https:\/\/partnerschaftsverein-altenahr.de\/wordpress\/partnerschaftstreffen\/partnerschaftstreffen-august-2023\/\">Partnerschaftstreffen August 2023<\/a><\/li>\n<\/ul>\n\n\n<h2 class=\"wp-block-heading\">Zahlen, Daten, Fakten<\/h2>\n\n\n\n<figure class=\"wp-block-image size-full\"><img loading=\"lazy\" decoding=\"async\" width=\"912\" height=\"562\" src=\"https:\/\/partnerschaftsverein-altenahr.de\/wordpress\/wp-content\/uploads\/2023\/02\/entfernung.png\" alt=\"\" class=\"wp-image-112\" srcset=\"https:\/\/partnerschaftsverein-altenahr.de\/wordpress\/wp-content\/uploads\/2023\/02\/entfernung.png 912w, https:\/\/partnerschaftsverein-altenahr.de\/wordpress\/wp-content\/uploads\/2023\/02\/entfernung-300x185.png 300w, https:\/\/partnerschaftsverein-altenahr.de\/wordpress\/wp-content\/uploads\/2023\/02\/entfernung-768x473.png 768w, https:\/\/partnerschaftsverein-altenahr.de\/wordpress\/wp-content\/uploads\/2023\/02\/entfernung-676x417.png 676w\" sizes=\"auto, (max-width: 912px) 100vw, 912px\" \/><figcaption class=\"wp-element-caption\">Entfernung: 1.072,93 km<br>Fahrstrecke: 1.305,51 km<\/figcaption><\/figure>\n\n\n\n<h3 class=\"wp-block-heading\">\u00dcbersicht<\/h3>\n\n\n\n<figure class=\"wp-block-table\"><table><tbody><tr><td><\/td><td><strong>Verbandsgemeinde<br>Altenahr<\/strong><\/td><td><strong>Gemeinde<br>M\u00e1rt\u00e9ly<\/strong><\/td><\/tr><tr><td>Wikipedia<\/td><td><a href=\"https:\/\/de.wikipedia.org\/wiki\/Verbandsgemeinde_Altenahr\">VG Altenahr<\/a><\/td><td><a href=\"https:\/\/de.wikipedia.org\/wiki\/M%C3%A1rt%C3%A9ly\" target=\"_blank\" rel=\"noreferrer noopener\">M\u00e1rt\u00e9ly<\/a><\/td><\/tr><tr><td>Einwohner<\/td><td>10.182<\/td><td>1.349<\/td><\/tr><tr><td>Lage<\/td><td>Westdeutschland<\/td><td>S\u00fcdungarn<\/td><\/tr><tr><td>\u00d8 Temperatur<\/td><td>9.2\u00b0C<\/td><td>12.3\u00b0C<\/td><\/tr><tr><td>\u00d8 Sonnenschein \/ Tag<\/td><td>4 Stunden<\/td><td>5 Stunden<\/td><\/tr><\/tbody><\/table><\/figure>\n\n\n\n<h3 class=\"wp-block-heading\">kleiner Sprachkurs<\/h3>\n\n\n\n<figure class=\"wp-block-table\"><table><tbody><tr><td><strong>deutsch<\/strong><\/td><td><strong>ungarisch<\/strong><\/td><\/tr><tr><td>Hallo \/ Tsch\u00fcss<\/td><td>Szia!<\/td><\/tr><tr><td>Ja<\/td><td>igen<\/td><\/tr><tr><td>Nein<\/td><td>nem<\/td><\/tr><tr><td>Danke<\/td><td>K\u00f6sz\u00f6n\u00f6m!<\/td><\/tr><tr><td>Bitte!<\/td><td>Sz\u00edvesen!<\/td><\/tr><tr><td>Prost!<\/td><td>Eg\u00e9szs\u00e9gedre!<\/td><\/tr><\/tbody><\/table><\/figure>\n\n\n\n<p>kleines W\u00f6rterbuch zum <a href=\"https:\/\/partnerschaftsverein-altenahr.de\/wordpress\/wp-content\/uploads\/2023\/01\/kleines-Woerterbuch.pdf\" target=\"_blank\" rel=\"noreferrer noopener\">Download<\/a><\/p>\n\n\n\n<h2 class=\"wp-block-heading\">Fotogalerie<\/h2>\n\n\n\n<figure class=\"wp-block-gallery has-nested-images columns-default is-cropped wp-block-gallery-1 is-layout-flex wp-block-gallery-is-layout-flex\">\n<figure class=\"wp-block-image size-large\"><img loading=\"lazy\" decoding=\"async\" width=\"1024\" height=\"768\" data-id=\"12\" src=\"https:\/\/partnerschaftsverein-altenahr.de\/wordpress\/wp-content\/uploads\/2023\/01\/SS850049a-1024x768.jpg\" alt=\"\" class=\"wp-image-12\" srcset=\"https:\/\/partnerschaftsverein-altenahr.de\/wordpress\/wp-content\/uploads\/2023\/01\/SS850049a-1024x768.jpg 1024w, https:\/\/partnerschaftsverein-altenahr.de\/wordpress\/wp-content\/uploads\/2023\/01\/SS850049a-300x225.jpg 300w, https:\/\/partnerschaftsverein-altenahr.de\/wordpress\/wp-content\/uploads\/2023\/01\/SS850049a-768x576.jpg 768w, https:\/\/partnerschaftsverein-altenahr.de\/wordpress\/wp-content\/uploads\/2023\/01\/SS850049a.jpg 1280w\" sizes=\"auto, (max-width: 1024px) 100vw, 1024px\" \/><\/figure>\n\n\n\n<figure class=\"wp-block-image size-full\"><img loading=\"lazy\" decoding=\"async\" width=\"720\" height=\"960\" data-id=\"15\" src=\"https:\/\/partnerschaftsverein-altenahr.de\/wordpress\/wp-content\/uploads\/2023\/01\/IMG_0176.jpg\" alt=\"\" class=\"wp-image-15\" srcset=\"https:\/\/partnerschaftsverein-altenahr.de\/wordpress\/wp-content\/uploads\/2023\/01\/IMG_0176.jpg 720w, https:\/\/partnerschaftsverein-altenahr.de\/wordpress\/wp-content\/uploads\/2023\/01\/IMG_0176-225x300.jpg 225w\" sizes=\"auto, (max-width: 720px) 100vw, 720px\" \/><\/figure>\n\n\n\n<figure class=\"wp-block-image size-large\"><img loading=\"lazy\" decoding=\"async\" width=\"768\" height=\"1024\" data-id=\"13\" src=\"https:\/\/partnerschaftsverein-altenahr.de\/wordpress\/wp-content\/uploads\/2023\/01\/101_5553.jpg\" alt=\"\" class=\"wp-image-13\" srcset=\"https:\/\/partnerschaftsverein-altenahr.de\/wordpress\/wp-content\/uploads\/2023\/01\/101_5553.jpg 768w, https:\/\/partnerschaftsverein-altenahr.de\/wordpress\/wp-content\/uploads\/2023\/01\/101_5553-225x300.jpg 225w\" sizes=\"auto, (max-width: 768px) 100vw, 768px\" \/><\/figure>\n\n\n\n<figure class=\"wp-block-image size-large\"><img loading=\"lazy\" decoding=\"async\" width=\"1024\" height=\"768\" data-id=\"14\" src=\"https:\/\/partnerschaftsverein-altenahr.de\/wordpress\/wp-content\/uploads\/2023\/01\/IMG_1353-1024x768.jpg\" alt=\"\" class=\"wp-image-14\" srcset=\"https:\/\/partnerschaftsverein-altenahr.de\/wordpress\/wp-content\/uploads\/2023\/01\/IMG_1353-1024x768.jpg 1024w, https:\/\/partnerschaftsverein-altenahr.de\/wordpress\/wp-content\/uploads\/2023\/01\/IMG_1353-300x225.jpg 300w, https:\/\/partnerschaftsverein-altenahr.de\/wordpress\/wp-content\/uploads\/2023\/01\/IMG_1353-768x576.jpg 768w, https:\/\/partnerschaftsverein-altenahr.de\/wordpress\/wp-content\/uploads\/2023\/01\/IMG_1353-1536x1152.jpg 1536w, https:\/\/partnerschaftsverein-altenahr.de\/wordpress\/wp-content\/uploads\/2023\/01\/IMG_1353-2048x1536.jpg 2048w\" sizes=\"auto, (max-width: 1024px) 100vw, 1024px\" \/><\/figure>\n<\/figure>\n\n\n\n<h2 class=\"wp-block-heading\">Termine<\/h2>\n\n\n\n<figure class=\"wp-block-table\"><table><tbody><tr><td>Datum<\/td><td>Aktion<\/td><\/tr><tr><td>09.-15.08.2025<\/td><td><a href=\"https:\/\/partnerschaftsverein-altenahr.de\/wordpress\/partnerschaftstreffen\/jugendbegegnung-2025-in-altenahr\/\" data-type=\"post\" data-id=\"173\">Jugendbegegnung 2025 in Altenahr<\/a><\/td><\/tr><tr><td>22.01.2026<\/td><td>Vorstandssitzung (18 Uhr, Jugendb\u00fcro)<\/td><\/tr><tr><td>02.03.2026<\/td><td>Vorstandssitzung (18 Uhr, Jugendb\u00fcro)<\/td><\/tr><tr><td>23.04. 2026<\/td><td>Jahreshauptversammlung<br>&#8211; 18 Uhr Vorstand<br>&#8211; 19 Uhr alle Mitglieder<\/td><\/tr><tr><td>29.07. &#8211; 06.08.2026<\/td><td>Jugendbegegnung 2026 in M\u00e1rt\u00e9ly<\/td><\/tr><\/tbody><\/table><\/figure>\n\n\n\n<h2 class=\"wp-block-heading\">In der Presse<\/h2>\n\n\n\n<figure class=\"wp-block-table\"><table class=\"has-fixed-layout\"><tbody><tr><td>Datum<\/td><td>Link<\/td><\/tr><tr><td>24.02.2025<\/td><td><a href=\"https:\/\/www.blick-aktuell.de\/Berichte\/Neuer-Vorstand-619541.html\" target=\"_blank\" rel=\"noreferrer noopener\">Neuer Vorstand<\/a><\/td><\/tr><tr><td>12.09.2024<\/td><td><a href=\"https:\/\/www.blick-aktuell.de\/Berichte\/Jugendbegegnung-in-Martely-603100.html\">Jugendbegeg<\/a><a href=\"https:\/\/www.blick-aktuell.de\/Berichte\/Jugendbegegnung-in-Martely-603100.html\" target=\"_blank\" rel=\"noreferrer noopener\">n<\/a><a href=\"https:\/\/www.blick-aktuell.de\/Berichte\/Jugendbegegnung-in-Martely-603100.html\">ung in M\u00e1rt\u00e9ly<\/a><\/td><\/tr><tr><td>17.08.2023<\/td><td><a href=\"https:\/\/www.blick-aktuell.de\/Berichte\/Seit-vielen-Jahren-gelebte-Partnerschaft-561771.html\" target=\"_blank\" rel=\"noreferrer noopener\">Seit vielen Jahren gelebte Partnerschaft<\/a><\/td><\/tr><tr><td>15.08.2023<\/td><td><a href=\"https:\/\/www.blick-aktuell.de\/Termine\/Kuenstler-besuchen-Altenahr-561577.html\" target=\"_blank\" rel=\"noreferrer noopener\">K\u00fcnstler besuchen Altenahr<\/a><\/td><\/tr><tr><td>25.07.2023<\/td><td><a href=\"https:\/\/www.blick-aktuell.de\/Berichte\/Ein-Vierteljahrhundert-der-Partnerschaft-559502.html\" target=\"_blank\" rel=\"noreferrer noopener\">Ein Vierteljahrhundert der Partnerschaft<\/a><\/td><\/tr><\/tbody><\/table><\/figure>\n\n\n\n<h2 class=\"wp-block-heading\">Satzung<\/h2>\n\n\n\n<p>Unsere Vereinssatzung als <a href=\"https:\/\/partnerschaftsverein-altenahr.de\/wordpress\/wp-content\/uploads\/2024\/01\/Gueltige-Satzung-PVStand-23.11.2023.pdf\" target=\"_blank\" rel=\"noreferrer noopener\">Download<\/a>.<\/p>\n","protected":false},"excerpt":{"rendered":"<p>Wir sind ein gemeinn\u00fctziger Verein zur Pflege der deutsch-ungarischen Freundschaft. Im Mittelpunkt steht die Partnerschaft zwischen der Verbandsgemeinde Altenahr und der Gemeinde M\u00e1rt\u00e9ly Aktuelles Wir haben einen neuen Vorstand In der Mitgliederversammlung am 23. April 2026 hat der Verein die Weichen f\u00fcr die kommenden Jahre gestellt.\u00a0So wurde nicht nur turnusm\u00e4\u00dfig ein neuer Vorstand gew\u00e4hlt, sondern [&hellip;]<\/p>\n","protected":false},"author":1,"featured_media":0,"parent":0,"menu_order":0,"comment_status":"closed","ping_status":"closed","template":"","meta":{"footnotes":""},"class_list":["post-39","page","type-page","status-publish","hentry","post-preview"],"_links":{"self":[{"href":"https:\/\/partnerschaftsverein-altenahr.de\/wordpress\/wp-json\/wp\/v2\/pages\/39","targetHints":{"allow":["GET"]}}],"collection":[{"href":"https:\/\/partnerschaftsverein-altenahr.de\/wordpress\/wp-json\/wp\/v2\/pages"}],"about":[{"href":"https:\/\/partnerschaftsverein-altenahr.de\/wordpress\/wp-json\/wp\/v2\/types\/page"}],"author":[{"embeddable":true,"href":"https:\/\/partnerschaftsverein-altenahr.de\/wordpress\/wp-json\/wp\/v2\/users\/1"}],"replies":[{"embeddable":true,"href":"https:\/\/partnerschaftsverein-altenahr.de\/wordpress\/wp-json\/wp\/v2\/comments?post=39"}],"version-history":[{"count":39,"href":"https:\/\/partnerschaftsverein-altenahr.de\/wordpress\/wp-json\/wp\/v2\/pages\/39\/revisions"}],"predecessor-version":[{"id":240,"href":"https:\/\/partnerschaftsverein-altenahr.de\/wordpress\/wp-json\/wp\/v2\/pages\/39\/revisions\/240"}],"wp:attachment":[{"href":"https:\/\/partnerschaftsverein-altenahr.de\/wordpress\/wp-json\/wp\/v2\/media?parent=39"}],"curies":[{"name":"wp","href":"https:\/\/api.w.org\/{rel}","templated":true}]}}